{"id":146,"date":"2022-06-29T09:36:34","date_gmt":"2022-06-29T07:36:34","guid":{"rendered":"http:\/\/goodstarmotorcycles.fr\/?page_id=146"},"modified":"2022-08-08T00:52:44","modified_gmt":"2022-08-07T22:52:44","slug":"kz-750","status":"publish","type":"page","link":"http:\/\/goodstarmotorcycles.fr\/?page_id=146","title":{"rendered":"KZ 750"},"content":{"rendered":"\n<p>Kawasaki KZ 750 LTD 1981 pr\u00e9paration caf\u00e9 racer .<\/p>\n\n\n\n<p>La moto comporte quelques clins d\u2019\u0153il \u00e0 la kz900z1 originelle de 1973 , comme la teinte du r\u00e9servoir, et les quatre silencieux d&rsquo;\u00e9chappement. <\/p>\n\n\n\n<p>Elle repose sur des trains roulants de KTM Duke  avec sa fourche WP invers\u00e9e et son \u00e9trier quatre pistons \u00e0 fixation radiale , pin\u00e7ant un disque wave de 320 mm de diam\u00e8tre. Le maitre cylindre est un mod\u00e8le Brembo PR16\/18. <\/p>\n\n\n\n<p>Cot\u00e9 moteur , un radiateur d&rsquo;huile racing a \u00e9t\u00e9 ajout\u00e9 et des filtres \u00e0 air BMC permettent une meilleure aspiration .<\/p>\n\n\n\n<p><\/p>\n\n\n\n<p><\/p>\n\n\n\n<figure class=\"wp-block-image size-full\"><img loading=\"lazy\" width=\"1920\" height=\"1280\" src=\"http:\/\/goodstarmotorcycles.fr\/wp-content\/uploads\/2022\/06\/kz0400.jpg\" alt=\"\" class=\"wp-image-137\" srcset=\"http:\/\/goodstarmotorcycles.fr\/wp-content\/uploads\/2022\/06\/kz0400.jpg 1920w, http:\/\/goodstarmotorcycles.fr\/wp-content\/uploads\/2022\/06\/kz0400-300x200.jpg 300w, http:\/\/goodstarmotorcycles.fr\/wp-content\/uploads\/2022\/06\/kz0400-768x512.jpg 768w, http:\/\/goodstarmotorcycles.fr\/wp-content\/uploads\/2022\/06\/kz0400-1536x1024.jpg 1536w\" sizes=\"(max-width: 1920px) 100vw, 1920px\" \/><\/figure>\n\n\n\n<figure class=\"wp-block-image size-full\"><img loading=\"lazy\" width=\"1920\" height=\"1280\" src=\"http:\/\/goodstarmotorcycles.fr\/wp-content\/uploads\/2022\/06\/kz0600.jpg\" alt=\"\" class=\"wp-image-139\" srcset=\"http:\/\/goodstarmotorcycles.fr\/wp-content\/uploads\/2022\/06\/kz0600.jpg 1920w, http:\/\/goodstarmotorcycles.fr\/wp-content\/uploads\/2022\/06\/kz0600-300x200.jpg 300w, http:\/\/goodstarmotorcycles.fr\/wp-content\/uploads\/2022\/06\/kz0600-768x512.jpg 768w, http:\/\/goodstarmotorcycles.fr\/wp-content\/uploads\/2022\/06\/kz0600-1536x1024.jpg 1536w\" sizes=\"(max-width: 1920px) 100vw, 1920px\" \/><\/figure>\n\n\n\n<figure class=\"wp-block-image size-full\"><img loading=\"lazy\" width=\"1920\" height=\"1280\" src=\"http:\/\/goodstarmotorcycles.fr\/wp-content\/uploads\/2022\/06\/kz0500.jpg\" alt=\"\" class=\"wp-image-138\" srcset=\"http:\/\/goodstarmotorcycles.fr\/wp-content\/uploads\/2022\/06\/kz0500.jpg 1920w, http:\/\/goodstarmotorcycles.fr\/wp-content\/uploads\/2022\/06\/kz0500-300x200.jpg 300w, http:\/\/goodstarmotorcycles.fr\/wp-content\/uploads\/2022\/06\/kz0500-768x512.jpg 768w, http:\/\/goodstarmotorcycles.fr\/wp-content\/uploads\/2022\/06\/kz0500-1536x1024.jpg 1536w\" sizes=\"(max-width: 1920px) 100vw, 1920px\" \/><\/figure>\n\n\n\n<figure class=\"wp-block-image size-full\"><img loading=\"lazy\" width=\"1920\" height=\"1280\" src=\"http:\/\/goodstarmotorcycles.fr\/wp-content\/uploads\/2022\/06\/kz0900.jpg\" alt=\"\" class=\"wp-image-142\" srcset=\"http:\/\/goodstarmotorcycles.fr\/wp-content\/uploads\/2022\/06\/kz0900.jpg 1920w, http:\/\/goodstarmotorcycles.fr\/wp-content\/uploads\/2022\/06\/kz0900-300x200.jpg 300w, http:\/\/goodstarmotorcycles.fr\/wp-content\/uploads\/2022\/06\/kz0900-768x512.jpg 768w, http:\/\/goodstarmotorcycles.fr\/wp-content\/uploads\/2022\/06\/kz0900-1536x1024.jpg 1536w\" sizes=\"(max-width: 1920px) 100vw, 1920px\" \/><\/figure>\n\n\n\n<figure class=\"wp-block-image size-full\"><img loading=\"lazy\" width=\"1920\" height=\"1280\" src=\"http:\/\/goodstarmotorcycles.fr\/wp-content\/uploads\/2022\/06\/kz0800.jpg\" alt=\"\" class=\"wp-image-141\" srcset=\"http:\/\/goodstarmotorcycles.fr\/wp-content\/uploads\/2022\/06\/kz0800.jpg 1920w, http:\/\/goodstarmotorcycles.fr\/wp-content\/uploads\/2022\/06\/kz0800-300x200.jpg 300w, http:\/\/goodstarmotorcycles.fr\/wp-content\/uploads\/2022\/06\/kz0800-768x512.jpg 768w, http:\/\/goodstarmotorcycles.fr\/wp-content\/uploads\/2022\/06\/kz0800-1536x1024.jpg 1536w\" sizes=\"(max-width: 1920px) 100vw, 1920px\" \/><\/figure>\n\n\n\n<figure class=\"wp-block-image size-full\"><img loading=\"lazy\" width=\"1920\" height=\"1280\" src=\"http:\/\/goodstarmotorcycles.fr\/wp-content\/uploads\/2022\/06\/kz0112.jpg\" alt=\"\" class=\"wp-image-134\" srcset=\"http:\/\/goodstarmotorcycles.fr\/wp-content\/uploads\/2022\/06\/kz0112.jpg 1920w, http:\/\/goodstarmotorcycles.fr\/wp-content\/uploads\/2022\/06\/kz0112-300x200.jpg 300w, http:\/\/goodstarmotorcycles.fr\/wp-content\/uploads\/2022\/06\/kz0112-768x512.jpg 768w, http:\/\/goodstarmotorcycles.fr\/wp-content\/uploads\/2022\/06\/kz0112-1536x1024.jpg 1536w\" sizes=\"(max-width: 1920px) 100vw, 1920px\" \/><\/figure>\n\n\n\n<figure class=\"wp-block-image size-full\"><img loading=\"lazy\" width=\"1920\" height=\"1280\" src=\"http:\/\/goodstarmotorcycles.fr\/wp-content\/uploads\/2022\/06\/kz110.jpg\" alt=\"\" class=\"wp-image-133\" srcset=\"http:\/\/goodstarmotorcycles.fr\/wp-content\/uploads\/2022\/06\/kz110.jpg 1920w, http:\/\/goodstarmotorcycles.fr\/wp-content\/uploads\/2022\/06\/kz110-300x200.jpg 300w, http:\/\/goodstarmotorcycles.fr\/wp-content\/uploads\/2022\/06\/kz110-768x512.jpg 768w, http:\/\/goodstarmotorcycles.fr\/wp-content\/uploads\/2022\/06\/kz110-1536x1024.jpg 1536w\" sizes=\"(max-width: 1920px) 100vw, 1920px\" \/><\/figure>\n\n\n\n<figure class=\"wp-block-image size-full\"><img loading=\"lazy\" width=\"1920\" height=\"1280\" src=\"http:\/\/goodstarmotorcycles.fr\/wp-content\/uploads\/2022\/06\/kz0220.jpg\" alt=\"\" class=\"wp-image-135\" srcset=\"http:\/\/goodstarmotorcycles.fr\/wp-content\/uploads\/2022\/06\/kz0220.jpg 1920w, http:\/\/goodstarmotorcycles.fr\/wp-content\/uploads\/2022\/06\/kz0220-300x200.jpg 300w, http:\/\/goodstarmotorcycles.fr\/wp-content\/uploads\/2022\/06\/kz0220-768x512.jpg 768w, http:\/\/goodstarmotorcycles.fr\/wp-content\/uploads\/2022\/06\/kz0220-1536x1024.jpg 1536w\" sizes=\"(max-width: 1920px) 100vw, 1920px\" \/><\/figure>\n\n\n\n<figure class=\"wp-block-image size-full\"><img loading=\"lazy\" width=\"1920\" height=\"1280\" src=\"http:\/\/goodstarmotorcycles.fr\/wp-content\/uploads\/2022\/06\/kz0330.jpg\" alt=\"\" class=\"wp-image-136\" srcset=\"http:\/\/goodstarmotorcycles.fr\/wp-content\/uploads\/2022\/06\/kz0330.jpg 1920w, http:\/\/goodstarmotorcycles.fr\/wp-content\/uploads\/2022\/06\/kz0330-300x200.jpg 300w, http:\/\/goodstarmotorcycles.fr\/wp-content\/uploads\/2022\/06\/kz0330-768x512.jpg 768w, http:\/\/goodstarmotorcycles.fr\/wp-content\/uploads\/2022\/06\/kz0330-1536x1024.jpg 1536w\" sizes=\"(max-width: 1920px) 100vw, 1920px\" \/><\/figure>\n\n\n\n<figure class=\"wp-block-image size-full\"><img loading=\"lazy\" width=\"1920\" height=\"1280\" src=\"http:\/\/goodstarmotorcycles.fr\/wp-content\/uploads\/2022\/06\/kz0700.jpg\" alt=\"\" class=\"wp-image-140\" srcset=\"http:\/\/goodstarmotorcycles.fr\/wp-content\/uploads\/2022\/06\/kz0700.jpg 1920w, http:\/\/goodstarmotorcycles.fr\/wp-content\/uploads\/2022\/06\/kz0700-300x200.jpg 300w, http:\/\/goodstarmotorcycles.fr\/wp-content\/uploads\/2022\/06\/kz0700-768x512.jpg 768w, http:\/\/goodstarmotorcycles.fr\/wp-content\/uploads\/2022\/06\/kz0700-1536x1024.jpg 1536w\" sizes=\"(max-width: 1920px) 100vw, 1920px\" \/><\/figure>\n\n\n\n<figure class=\"wp-block-image size-full\"><img loading=\"lazy\" width=\"1920\" height=\"1280\" src=\"http:\/\/goodstarmotorcycles.fr\/wp-content\/uploads\/2022\/06\/kz100.jpg\" alt=\"\" class=\"wp-image-132\" srcset=\"http:\/\/goodstarmotorcycles.fr\/wp-content\/uploads\/2022\/06\/kz100.jpg 1920w, http:\/\/goodstarmotorcycles.fr\/wp-content\/uploads\/2022\/06\/kz100-300x200.jpg 300w, http:\/\/goodstarmotorcycles.fr\/wp-content\/uploads\/2022\/06\/kz100-768x512.jpg 768w, http:\/\/goodstarmotorcycles.fr\/wp-content\/uploads\/2022\/06\/kz100-1536x1024.jpg 1536w\" sizes=\"(max-width: 1920px) 100vw, 1920px\" \/><\/figure>\n\n\n\n<figure class=\"wp-block-image size-full\"><img loading=\"lazy\" width=\"1920\" height=\"1280\" src=\"http:\/\/goodstarmotorcycles.fr\/wp-content\/uploads\/2022\/06\/kzj111.jpg\" alt=\"\" class=\"wp-image-143\" srcset=\"http:\/\/goodstarmotorcycles.fr\/wp-content\/uploads\/2022\/06\/kzj111.jpg 1920w, http:\/\/goodstarmotorcycles.fr\/wp-content\/uploads\/2022\/06\/kzj111-300x200.jpg 300w, http:\/\/goodstarmotorcycles.fr\/wp-content\/uploads\/2022\/06\/kzj111-768x512.jpg 768w, http:\/\/goodstarmotorcycles.fr\/wp-content\/uploads\/2022\/06\/kzj111-1536x1024.jpg 1536w\" sizes=\"(max-width: 1920px) 100vw, 1920px\" \/><\/figure>\n","protected":false},"excerpt":{"rendered":"<p>Kawasaki KZ 750 LTD 1981 pr\u00e9paration caf\u00e9 racer . La moto comporte quelques clins d\u2019\u0153il \u00e0 la kz900z1 originelle de 1973 , comme la teinte du r\u00e9servoir, et les quatre silencieux d&rsquo;\u00e9chappement. Elle repose sur des trains roulants de KTM Duke avec sa fourche WP invers\u00e9e et son \u00e9trier quatre pistons \u00e0 fixation radiale , [&hellip;]<\/p>\n","protected":false},"author":1,"featured_media":0,"parent":0,"menu_order":0,"comment_status":"closed","ping_status":"closed","template":"","meta":[],"_links":{"self":[{"href":"http:\/\/goodstarmotorcycles.fr\/index.php?rest_route=\/wp\/v2\/pages\/146"}],"collection":[{"href":"http:\/\/goodstarmotorcycles.fr\/index.php?rest_route=\/wp\/v2\/pages"}],"about":[{"href":"http:\/\/goodstarmotorcycles.fr\/index.php?rest_route=\/wp\/v2\/types\/page"}],"author":[{"embeddable":true,"href":"http:\/\/goodstarmotorcycles.fr\/index.php?rest_route=\/wp\/v2\/users\/1"}],"replies":[{"embeddable":true,"href":"http:\/\/goodstarmotorcycles.fr\/index.php?rest_route=%2Fwp%2Fv2%2Fcomments&post=146"}],"version-history":[{"count":3,"href":"http:\/\/goodstarmotorcycles.fr\/index.php?rest_route=\/wp\/v2\/pages\/146\/revisions"}],"predecessor-version":[{"id":174,"href":"http:\/\/goodstarmotorcycles.fr\/index.php?rest_route=\/wp\/v2\/pages\/146\/revisions\/174"}],"wp:attachment":[{"href":"http:\/\/goodstarmotorcycles.fr\/index.php?rest_route=%2Fwp%2Fv2%2Fmedia&parent=146"}],"curies":[{"name":"wp","href":"https:\/\/api.w.org\/{rel}","templated":true}]}}